q + t. Suppose q = -7*f + 4*f. Let k(l) = -l**3 - 4*l**2 + 3*l - 6. Let v be k(f). Let o(r) = -3*r + 4. Give o(v).
-8
Let k(b) = -b**2 - 6*b + 142. Let h be k(9). Let f(c) = -2 - 11*c + 9*c**2 + 14*c - c**3 + h*c + 0*c**3. Give f(10).
-2
Let i(n) = -n**3 + 10*n**2 + 25*n + 8. Let b(w) = -14*w**2 - 475*w + 46. Let a be b(-34). Determine i(a).
20
Let t(m) = 4*m**2 + 5*m + 2. Let c(h) = -h**2 - h - 1. Let w(j) = 9*c(j) + 2*t(j). Suppose 29 = 5*n - 6. Suppose 2*z + n = 5*g + 3, 4*g = 3*z + 6. What is w(g)?
-5
Let g = 24 + -14. Let k(n) = g*n + 0*n**2 - n**2 - 7 - 1 + 0. Let s(j) = 81*j - 3718. Let d be s(46). Give k(d).
8
Let k = 7168 - 7168. Let l(i) = 16*i + 12. What is l(k)?
12
Suppose 5*s - 52 + 12 = 0. Suppose 0 = -s*u + 4*u + 8. Let o(f) = 18*f**2 + f**3 - f - 13*f**2 - 3*f**u. Determine o(-3).
-6
Let f(w) = -w**3 - 13*w**2 - 30*w - 11. Let v(r) = -3*r**3 - 39*r**2 - 89*r - 42. Let a(h) = -7*f(h) + 2*v(h). What is a(-4)?
9
Let q(h) = h - 4. Let l be q(8). Let b be (l - -10)/(-2) - -1. Let n be 16/(2 + b)*1. Let o(c) = -c**2 - 4*c - 2. Determine o(n).
-2
Suppose 4*w + w = 0. Let t(s) = -21*s + 1. Let j(z) = 5*z. Let v(h) = -4*j(h) - t(h). What is v(w)?
-1
Let o(f) = -2*f - 11. Let k be ((-6)/15*-7)/(1/40). Let w = -107 + k. Calculate o(w).
-21
Let d(m) = -20*m**2 - m + 2. Let b(x) = -30*x**2 - 2*x + 3. Let i(f) = -5*b(f) + 8*d(f). Let t be (-1)/48 + (-63732)/65088. Calculate i(t).
-11
Let g = -1031 + 1033. Let x(s) = -s + 6. Let n be x(0). Let f(p) = 7*p**2 - 2 - g + n*p**2 - 2*p - 11*p**2. Determine f(-3).
20
Let y(g) = g**2 - 7*g - 3. Let v be y(6). Let d be 14*15/24 - v/(-12). Let w(n) = n**3 - 8*n**2 + 2*n - 19. Calculate w(d).
-3
Let f(q) be the third derivative of q**6/120 - 7*q**5/60 + q**4/4 - 5*q**3/6 + 837*q**2. What is f(7)?
37
Suppose 13 = 5*b + 4*q - 17, -3*b + 3*q - 9 = 0. Let l(f) = 8 - 14 - 3*f + 3 + b + 2*f. What is l(-2)?
1
Let x(s) = -s**2 - 27*s - 26. Let b be x(-26). Let h(a) = a**2 - 2*a + 56. Give h(b).
56
Let m(u) be the second derivative of u**7/2520 + 11*u**6/720 + u**5/12 - 79*u**4/12 + 193*u. Let i(c) be the third derivative of m(c). Calculate i(-11).
10
Let j(b) be the third derivative of b**2 + 0*b**4 + 0*b**3 + 1/60*b**5 + 0*b - 22 - 1/120*b**6. Determine j(2).
-4
Let c(j) be the second derivative of 0 - 1/2*j**3 - 50*j - 2*j**2. Calculate c(-5).
11
Let u(g) be the first derivative of -2*g**2 - 250. Suppose -4*v - 26 = -3*c - 6*v, -3*c + v = -32. Let t be (4/c)/(2/5). Give u(t).
-4
Let q(a) = a**3 + 22*a**2 + 65*a. Let v(c) = -3*c**3 - 67*c**2 - 195*c + 8. Let k(o) = -8*q(o) - 3*v(o). What is k(-22)?
-2
Let p(q) be the first derivative of 2*q**3/3 - 11*q**2 + 3*q - 289. What is p(11)?
3
Suppose -35*i - 404 = 28 + 163. Let c(a) = 12*a + 201. What is c(i)?
-3
Suppose j + 3*j + 5*h = 8, -2*h = -5*j - 23. Let b(v) = -2*v**3 - 3*v**2 - v - 9. Let r be b(-4). Let q(i) = -4*i + r - 29 - 22 - 22. Determine q(j).
14
Let j = 23976 - 23971. Let q(g) = 3*g**3 - 13*g**2 - 7*g - 5. Give q(j).
10
Let g(f) = f**3 - 12*f**2 + 14*f + 7. Suppose 0 = -509*v + 4458 + 632. Determine g(v).
-53
Let n(b) = 23*b**3 + 7*b**2 + 2*b - 18. Let q(f) = -27*f**3 - 8*f**2 - 2*f + 21. Let i(v) = -7*n(v) - 6*q(v). Determine i(-2).
-8
Suppose -2*n + 5*u - 26 = 0, 0 = -0*u + 4*u - 16. Let z be (-5 - -5 - n) + -116. Let a = -121 - z. Let f(v) = v + 11. Determine f(a).
3
Let u(n) = -n**2 - n + 2. Let s be u(0). Suppose 3*q - s*r - 14 = 0, -q = r + 4*r + 1. Let y(h) = -1 + 3*h - q*h - h. Determine y(-4).
7
Let q(l) = l**3 - 6*l**2 + 16*l - 17. Let f be q(3). Let t(w) be the first derivative of w**3/3 - 7*w**2/2 + 5*w + 42. What is t(f)?
-7
Let t(m) be the third derivative of -m**8/20160 - m**7/2520 - 7*m**6/720 - 32*m**5/15 + m**2 + 24. Let i(a) be the third derivative of t(a). Give i(-5).
-22
Let r(k) = -4*k + 20. Suppose -4*v + 8 + 16 = 5*s, -3*v - 4*s = -18. Determine r(v).
-4
Let f(q) = q**2 - q - 3. Let g(u) = -10*u**2 - 17*u + 16. Let r(p) = -8*f(p) - g(p). Determine r(-12).
-4
Let u(o) = 6*o**3 - 11*o**2 + 31*o - 9. Let l(q) = -9*q**3 + 16*q**2 - 50*q + 14. Let n(j) = -5*l(j) - 8*u(j). Give n(3).
-1
Suppose -5*k = -0 + 5. Suppose u + 17*u = 54. Let h(z) = 5*z**3 - 5*z**3 + z**2 + 0*z**3 - 8*z**u. Calculate h(k).
9
Let d(a) = -a**2 + a. Let p(y) = 15*y**2 - 2*y - 2. Let w(x) = -4*d(x) - p(x). Suppose -16*l = 5*k - 18*l + 6, -4*l = -k + 6. Determine w(k).
-38
Suppose 2*a + 3 = -2*l + 1, -l = 4*a + 7. Let i(w) = -1 - 207938*w + 207940*w - 11*w**2 + 3*w**2. Give i(l).
-7
Suppose 12*p = -268 - 500. Let c = -63 - p. Let x(k) = -14*k**2 + 6*k + 3. Let g(l) = -27*l**2 + 11*l + 5. Let d(f) = 4*g(f) - 7*x(f). Calculate d(c).
-9
Let c(i) = i**2 - 8*i + 5. Let b = -91 + 94. Suppose -11*v - b*v = 994. Let h = v - -78. Give c(h).
-2
Let c(o) be the third derivative of 0 + 8/3*o**3 + 0*o + 1/24*o**4 - 11*o**2. Give c(-11).
5
Suppose 0 = -15*j + 20*j - 60. Suppose 0 = 2*m - 0*m - r + j, 0 = -m - 3*r + 8. Let g(a) be the second derivative of -5*a**3/6 - 3*a**2 + a. What is g(m)?
14
Let y(n) = 11*n**2 + 3*n + 1. Let p(a) = -a**3 - 31*a**2 - 7*a - 2. Let t(m) = 4*p(m) + 11*y(m). What is t(-3)?
69
Let k(m) = 13*m + 7*m - 8*m - 5*m**3 + 4*m**3 + 12*m**2 + 17. Let l(a) = a**3 - 3*a**2 + 6*a - 5. Let t be l(3). Calculate k(t).
4
Suppose -5*w - 5*v + 79 = -111, w - 42 = -5*v. Suppose 27 = -16*s - w. Let d(f) = -6*f - 2. Let r(c) = 11*c + 5. Let b(k) = 5*d(k) + 3*r(k). Give b(s).
-7
Let p(n) = n**2. Suppose -w = -5*s + 32, 2*w - 3*s = -417 + 402. Suppose 2*g = -5 + 29. Suppose 4*x - g = 5*y, w*y + 5*x - 14 = 1. Give p(y).
0
Let z(s) = -6*s - 1. Let i(x) be the first derivative of x**4/4 - 2*x**3 + 7*x**2/2 - 11*x - 76. Let y be i(5). What is z(y)?
5
Let l(s) = -4*s**3 - 12*s**2 - 21*s + 20. Let w(u) = -2*u**3 - 6*u**2 - 11*u + 11. Let r(f) = -6*l(f) + 11*w(f). Determine r(-1).
0
Let m(x) = -10 - 3*x**2 + 31*x + 30 + 2*x**2 + 21 - 10*x. What is m(23)?
-5
Let l(t) = -2*t + 1. Let c(u) = 26*u - 16. Suppose 0 = -13*z - 128 - 28. Let j(v) = z*l(v) - c(v). Give j(-4).
12
Let x(k) be the first derivative of -1/3*k**3 - 12 + 6*k - 15/2*k**2. Determine x(-15).
6
Let z be (-8)/6*12/(-8). Let q(v) = 0*v**3 + v**z - v**3 - 3*v + 12*v - 4 - 10*v. What is q(0)?
-4
Let j be -12 + 2 + 4 + 5. Let m(d) = 2*d + 6 - 2 - 4*d - 3. Calculate m(j).
3
Let j(i) = -30*i**3 + 17*i**2 - 13*i - 29. Let y(z) = 23*z**3 - 13*z**2 + 10*z + 22. Let n(w) = -10*j(w) - 13*y(w). Calculate n(-4).
-76
Let j(l) = -5*l - 1. Let g be j(-1). Let i(k) = 106 - 67*k**2 + k**3 + 22*k**2 - 103 + 22*k**2 + 18*k**2. Give i(g).
-13
Let n(g) be the first derivative of -g**6/90 + g**4/24 - 32*g**3 + 73. Let u(m) be the third derivative of n(m). What is u(1)?
-3
Let a(p) be the third derivative of -p**4/6 - 64*p**3/3 + 177*p**2. What is a(-31)?
-4
Suppose 2*l + 4*k + 34 = 0, 3*k + 47 = -6*l - 10. Let s(z) = -9 + 3*z - 7*z + 2*z. Calculate s(l).
5
Let v(z) = 487*z - 16087. Let j be v(33). Let b(s) = s**3 + 16*s**2 + s + 20. Give b(j).
4
Suppose i = j - 6 - 13, -i + 5 = 0. Let w = j - 26. Let a(z) = 4 - 3*z + 0*z - 2. Calculate a(w).
8
Let a(h) = 22*h**3 - 29*h**2 + 75*h - 401. Let p(q) = -5*q**3 + 7*q**2 - 19*q + 100. Let l(n) = -2*a(n) - 9*p(n). Calculate l(5).
7
Let x be ((-190)/(-38))/(5/1). Let b(r) = 58*r**2 + 2*r - 1. What is b(x)?
59
Suppose d - 4*h - 6 = 3*d, -4*d - 4*h + 4 = 0. Let c(k) = -2*k - 716 + k**2 + 2250 - 819 - 716. Determine c(d).
14
Let u(h) = 13*h - 16. Let d(y) = -34*y + 35. Let z(c) = -2*d(c) - 5*u(c). Give z(-8).
-14
Suppose 26*d + 42 = -10. Let j be (22/(-132))/(d/12). Let a(x) = 3*x**3 - x**2 + 2*x - 2. Determine a(j).
2
Let v be 416/(-16) + 5 + 13. Let r(g) = 2*g**3 + 19*g**2 + 26*g - 10. Determine r(v).
-26
Let g(s) = -s - 15. Let p = -25 - -50. Let d = 32 - p. Suppose 2*l - i = d*l + 1, l = -4*i - 4. Determine g(l).
-15
Let m(y) = y**3 + 8*y**2 - 10*y - 15. Suppose -28*d + 5*q = -30*d - 3, 24 = -d + 5*q. Calculate m(d).
-6
Let y be (78 - 3)/5 - 4. Let p(x) = -3*x + 2. Let b(o) = 16*o - 9. Let w(r) = 2*b(r) + 11*p(r). Let u be w(y). Let g(n) = n**2 + 7*n - 8. What is g(u)?
-8
Suppose g + v = -2, 0 = -71*g + 75*g + 2*v. Let i(d) = 3*d**3 - 12*d + 6. What is i(g)?
6
Let j(y) = -21*y**2 - y + 1. Let c be (12/9)/(4/(-6) - -2). Give j(c).
-21
Let k(p) = -2*p**2 + 6*p + 19. Let o(h) = h**3 + 2*h**2